8 and c?
8
Let i be 5/(-2)*(-1 - 1/1). What is the highest common factor of 35 and i?
5
Let q = -11 - -28. Let l be 0 + 0 - (2 + (-38 - -2)). Calculate the highest common factor of l and q.
17
Let w be 6*4/8 - (-822)/2. What is the greatest common factor of 46 and w?
46
Let t be (-1 - 2)/(42/(-20) - -2). Calculate the greatest common divisor of t and 12.
6
Suppose -y - 9 = -59. Calculate the greatest common divisor of y and 10.
10
Let k = -9 - -15. Suppose -4*l = -k*l + 70. What is the highest common divisor of 7 and l?
7
Let y be -1 + 4 + (37 - (-5 - 0)). Calculate the greatest common factor of 5 and y.
5
Let n(m) = 2*m**2 - 4*m + 2. Let v be n(6). Let o = 22 + -2. What is the greatest common factor of o and v?
10
Let t be 35*((-1)/15 - 6/(-9)). Calculate the highest common factor of 14 and t.
7
Let d = -6 - -13. Let u(y) = -15*y - 2. Let b be u(-2). What is the highest common divisor of d and b?
7
Suppose -5*a + 15 = 2*x, 4*a - 7 = x - 21. Calculate the greatest common factor of x and 10.
10
Let x be (0 - -32)*4/8. Let j = 1 + 1. What is the greatest common divisor of x and j?
2
Suppose 0 = -x + 2*y - 0*y - 6, 4*y = -x + 18. What is the highest common factor of x and 14?
2
Suppose -516 = -w + 4*w. Let q be w/(-12) - (-2)/(-6). What is the greatest common divisor of 14 and q?
14
Suppose -4*m - 440 = -9*m. Suppose 12 = 4*y - 32. What is the greatest common factor of y and m?
11
Suppose -20 = 4*c, -5*q = -3*c - 531 - 44. Suppose -4*z + 54 = 3*i, z = 2*i - 0*i - 25. What is the highest common factor of q and i?
14
Let s = 9 + -5. Let x be (-3)/s + (-43)/(-4). Calculate the highest common divisor of 30 and x.
10
Suppose 5*j - 45 = -2*q, -5*j = 1 + 4. Let c = -12 + q. What is the greatest common divisor of 104 and c?
13
Let o(c) be the second derivative of -2*c**2 + 1/6*c**4 - 1/2*c**3 + 0 + c. Let x be o(4). Calculate the highest common divisor of 8 and x.
8
Let z = 5 - -9. What is the greatest common divisor of 126 and z?
14
Let y = 62 - 6. Suppose 2*h - 6*h = -28. What is the highest common divisor of h and y?
7
Let u(c) = c**2 - 15*c + 13. Let l be u(15). Suppose -3*p - 6 = 0, 0*z - z + 30 = -2*p. Calculate the highest common factor of z and l.
13
Let h be (-1)/((-3)/6*-1). Let r be -1 - -1 - (1 + h). What is the greatest common factor of r and 4?
1
Suppose -4*y + 128 = 3*p, 5*y - 101 - 109 = -5*p. Let o(h) = h**3 + 6*h**2 + 3*h. Let l be o(-5). What is the highest common divisor of l and p?
10
Suppose 6 + 2 = -4*d. Let g be (-4)/d - (-15)/5. Calculate the highest common divisor of g and 1.
1
Suppose 97 = 4*k + 5*i, -i = -2*k - 5*i + 44. Calculate the greatest common divisor of 42 and k.
14
Let n(o) = o**3 + 6*o**2 - 4*o. Let q be n(-5). What is the highest common factor of q and 18?
9
Let p be (-15*(-4)/80)/(1/20). Suppose -2*z + 5*z = -1089. Let y = -198 - z. Calculate the highest common factor of y and p.
15
Suppose -34 - 32 = -2*x. What is the greatest common factor of x and 22?
11
Let c = -5 - -18. What is the greatest common divisor of 91 and c?
13
Let h(j) = -134*j - 14. Let a be h(-1). What is the greatest common divisor of a and 90?
30
Suppose -35 - 1 = -2*w. Suppose 2*d = 2*h - 3*h + 8, -w = -2*h - 3*d. Calculate the greatest common factor of 4 and h.
4
Let r = 25 + -13. Let d = r - 9. What is the highest common divisor of d and 3?
3
Let w = 4 + -2. Suppose 16 = w*d + 2*d. Let m be d + -1*2 + 79. Calculate the highest common divisor of m and 9.
9
Let c = 39 + -37. What is the highest common divisor of c and 2?
2
Suppose -2*l + 22 = -58. Calculate the highest common divisor of 10 and l.
10
Let k be 96 - 13 - (1 - -1). Let s = -45 + k. Suppose -4*i = -46 + 10. Calculate the highest common divisor of i and s.
9
Suppose y = -4 + 20. Let f = y + -5. Calculate the greatest common factor of 33 and f.
11
Let a = -636 - -1029. Suppose 3*f + 4*t - t - a = 0, -3*t = -15. What is the greatest common factor of 14 and f?
14
Let u be 11/((-3)/(-40)*(-20)/(-48)). What is the highest common divisor of u and 32?
32
Suppose -4*y + 212 + 140 = 0. Let p be 5*8 + (0 - 0). Suppose z + p = 6*z. What is the highest common factor of z and y?
8
Suppose -o + 0*o = 0. Suppose -r - 2*d = 0, 3*d = -o*r + 3*r. Suppose -6*g + g + 5*w + 580 = r, 4*w + 343 = 3*g. What is the highest common factor of 11 and g?
11
Suppose 20 = m - 22. Let h(c) = c**2 - 2*c + 4. Let l be h(-4). What is the greatest common factor of m and l?
14
Suppose -117 = -3*f - 3*l, l - 66 - 75 = -4*f. Suppose y = 23 + f. Calculate the greatest common factor of 38 and y.
19
Suppose t - 2*o = -2*t + 6, -o - 6 = -3*t. Let j = 9 - t. What is the highest common divisor of j and 28?
7
Suppose 5 = 2*c + t, 5*c + 5*t - 5 = -0. Suppose -5*g + 0 = 10, 11 = 3*o - c*g. Calculate the highest common divisor of o and 4.
1
Suppose -2*t = 2*q + 8, 3*t = 2*t - 5*q - 20. Let h be t*1/(-2) - -80. Let k = -14 + 30. Calculate the greatest common divisor of k and h.
16
Let j be (-4)/12 - 5/3. Let d = j - -7. Let v(p) = -4*p + 1. Let t be v(-6). What is the greatest common factor of t and d?
5
Let u be (-352)/(-20) + 6/15. Suppose -2*k + 4*i + u = 0, 5*k + 6*i = i + 15. What is the greatest common divisor of k and 2?
1
Suppose 4*g + 2*d - 20 = 0, 4*g + d - 4*d = 0. Suppose g*f - 150 = -0*f. Calculate the highest common divisor of 10 and f.
10
Suppose n - 16 = -4*s + 56, -3*s + 309 = 5*n. What is the highest common factor of 90 and n?
30
Suppose -2*p + 38 = 2*i, 0*i = 2*i - 2*p - 30. What is the highest common divisor of i and 17?
17
Let w(a) = a**2 - a - 1. Let d be w(-2). Suppose -2*z + 4*g = -66, -z - 137 = -d*z + 3*g. Suppose 1 = 4*s - z. Calculate the highest common factor of s and 45.
9
Suppose -8*b = -3*b - 40. Let r(s) = -s**2 + 8*s + 8. Let y be r(b). What is the highest common divisor of 24 and y?
8
Suppose -3*y = -4*y + 38. Suppose 5*b + 70 = 5*q, 3*q - y = -b + 8. Calculate the greatest common factor of 10 and q.
5
Suppose -2*l = -2 - 0. Let d = l - -2. Suppose -d = -g + 25. What is the greatest common factor of 42 and g?
14
Let t = -355 - -531. Calculate the highest common divisor of t and 16.
16
Suppose -32 = -3*j + i, 3*i + 4 = 3*j - 38. What is the greatest common factor of 63 and j?
9
Suppose 2*n - 4 = 56. What is the greatest common divisor of 6 and n?
6
Let v be (-3)/18 - (-31)/6. What is the highest common divisor of v and 20?
5
Let u = -7 - -10. Suppose -58 + 1180 = u*c. Calculate the highest common divisor of c and 34.
34
Let i be 36/(-30)*(-50)/15*2. Let l(h) = -h**2 + 3*h + 4. Let n be l(3). Calculate the greatest common divisor of n and i.
4
Let w(l) = 14*l**2 + 2*l - 1. Let i be w(1). Let b(v) = -v - 4. Let m be b(-9). Calculate the greatest common factor of i and m.
5
Let l be (5 - 2)*(-140)/(-3). Let p(d) = -d**3 + 9*d**2 + 13*d - 10. Let i be p(10). Calculate the highest common factor of l and i.
20
Let q = -46 - -59. What is the greatest common factor of 39 and q?
13
Let n(z) = -z + 12. Let g be n(8). Suppose 114 = g*f + 42. Let o(m) = -m + 11. Let j be o(5). What is the highest common divisor of f and j?
6
Let n = 74 - -7. What is the greatest common divisor of 9 and n?
9
Suppose 11*a + 144 = 17*a. What is the highest common factor of 408 and a?
24
Let g be (60/(-16))/5*-24. Suppose -4*w + 2 = -22. Calculate the greatest common factor of g and w.
6
Let j be ((-14)/(-8))/((-94)/48 + 2). Calculate the greatest common factor of 21 and j.
21
Let c = -66 + 73. Calculate the greatest common factor of c and 91.
7
Let a = -20 + 13. Let c(j) = j**2 - 6*j**2 + 4*j**2 - 10*j. Let i be c(a). What is the greatest common divisor of i and 3?
3
Suppose 0 = -9*f + 171 + 243. Calculate the greatest common divisor of f and 69.
23
Suppose y = 6*y - 1110. Suppose -y = -3*m - 2*k, 4*m - 4*k - 132 = 2*m. Calculate the greatest common factor of 9 and m.
9
Suppose 4*h - 12 = -4*b, -7*h - 13 = -6*h + 5*b. Let i be (-69)/(-2)*(4 - 2). Let a = i - 48. Calculate the greatest common divisor of h and a.
7
Let u be (-210)/(-4)*(-36)/(-15). Calculate the greatest common factor of u and 14.
14
Suppose 0*y - 5*y - 2*b = -12, -2*y = 2*b. Calculate the greatest common factor of 2 and y.
2
Let u = -39 + 42. Let r be -1 + 0 + 14 - 1. Calculate the highest common factor of u and r.
3
Suppose -2*v - 12 = 4*d, -2*v + v - 21 = 5*d